) a composite number?
False
Let z(k) = 2*k**2 + 5*k + 2. Let x be z(-3). Suppose 0 = -x*j + 386 + 284. Suppose s + s - j = 0. Is s a prime number?
True
Let q(t) = -35880*t**3 + 3*t**2 - 5*t - 7. Is q(-1) a prime number?
False
Suppose 19*h = 114270 + 199135. Is h composite?
True
Let j = 499 - -380. Suppose w + 2*l + 1 = -0*w, 3*l - 6 = -3*w. Suppose -w*b + j = -11. Is b a prime number?
False
Suppose -2*i = -2*q + 4030, 4*q + 5*i - 774 = 7304. Is q a composite number?
False
Let c(u) = -17*u + 4. Let a be (1 - 23/2)*-2. Let l = 14 - a. Is c(l) a prime number?
False
Let x(a) = 3 + 0 - 4 + 62*a - 2. Let t = -3 + 5. Is x(t) a prime number?
False
Let b be -3*1 - (6 - 14). Suppose -11 - b = -4*k. Suppose -6 = -3*o, -3*o = -k*l - 2*o + 90. Is l prime?
True
Let v = -10 + 31. Let l = 81 + v. Is (-2 - -7)*l/15 prime?
False
Let m(v) = 554*v**2 - v - 9. Let r(b) = b**2 + b - 1. Let u(d) = m(d) - 6*r(d). Is u(-2) a prime number?
True
Suppose 5*a = -4*m + 791 + 480, -5*m - 2*a + 1593 = 0. Is m prime?
False
Let u be ((-3)/6)/(3/(-12)). Let s(x) = 3*x - 4 - 1 - x**2 + u*x**3 - 7*x**2. Is s(6) composite?
False
Let x = -14 - -5. Let a(b) = b + 14. Let n be a(x). Suppose n*i - 3*o = 304, 0 = -o + 2*o + 3. Is i a prime number?
True
Let r be (4 + (-52)/16)*4. Suppose 1832 = r*b + 2*o - 3*o, -1218 = -2*b + 4*o. Is b prime?
False
Suppose -4 = -4*z + 68. Let j = 37 - z. Let u = -15 + j. Is u prime?
False
Suppose -121076 + 35347 = -7*v. Is v composite?
True
Is 853/(-3)*(54 + -63) a prime number?
False
Suppose -9 - 3 = -4*h. Let a(d) = 23*d + 6. Let k(z) = z + 1. Let t(g) = a(g) - 4*k(g). Is t(h) a composite number?
False
Suppose 5*l - 23 = 5*i + 22, 2*l + 32 = -3*i. Let p be 455 - i/(4 - 9). Let b = p - 286. Is b composite?
False
Let d be (6/(-9))/((-5)/60). Let m = 17 + d. Suppose -1840 = -5*h + m. Is h a prime number?
True
Suppose -13 + 7 = -2*a. Let b(m) = -17*m**3 + 4*m**2 - 2*m - 4. Let c(z) = z**3. Let v(h) = -b(h) + 4*c(h). Is v(a) a prime number?
True
Let x = -220277 + 410278. Is x composite?
True
Suppose -14 = -g + 3*o, -3*o + 15 = -4*g + 53. Let k = -5 + g. Suppose 0 = -r + 2*a + 1741, k*r = 2*r - 4*a + 1723. Is r a composite number?
True
Let z(x) = 18*x - 27. Let l be z(5). Let v = l - -296. Is v a prime number?
True
Let r(s) = 282*s - 1. Let o be r(3). Suppose p = 2*t - 4*p - o, -824 = -2*t - 2*p. Suppose -2*q - 3*q = -t. Is q a composite number?
False
Let s be 1/((2 - 1)*5/(-65)). Let i(f) = -f**3 + 2*f**2 - 13*f + 19. Is i(s) a composite number?
True
Let l(b) = -7*b**3 - 17*b**2 - 13*b - 10. Is l(-7) a composite number?
True
Suppose 4*l - 312 = 452. Let d = l - -12. Is d prime?
False
Let p(r) = r + 4. Let c be p(-4). Suppose m + 2*m = -2*h + 5, 2*m + 5*h + 15 = c. Let g(b) = 2*b**3 - 7*b**2 - 6. Is g(m) composite?
True
Is (-255926)/(-12) + (-22)/132 prime?
False
Is (9 + -10 - 1473/4)*-4 prime?
False
Let d be 2/(-2) - (5582 + 2). Is -3*d/45*3 a composite number?
False
Let u(k) = -k - 5. Let j be u(-7). Let o be -3*(j + (-184)/12). Suppose -p = 3*p - o. Is p a composite number?
True
Let f(x) = 11*x**2 - 20*x + 21. Let w be f(21). Suppose 3*g - w = -1539. Is g composite?
False
Let l = 16 - 16. Suppose -3*f + 4454 = 4*t, l*t - 4464 = -4*t + 2*f. Is t a composite number?
True
Let d(f) = 2*f**2 - 16*f + 16. Let v be ((-42)/9)/(3/(-9)). Let w be d(v). Suppose -p = -k - 5*p + 46, 0 = 4*k + 2*p - w. Is k a prime number?
False
Let j = -109 - -360. Is j composite?
False
Suppose -25*o = 44*o - 4971657. Is o composite?
False
Let p(w) = -32*w**2 + 6*w - 15. Let x(k) = -11*k**2 + 2*k - 5. Let c(y) = -6*p(y) + 17*x(y). Let u be c(7). Let o = u - 153. Is o a composite number?
False
Let i = -60 - -82. Suppose 2*u - 7 = 3. Suppose -403 = -u*x + i. Is x prime?
False
Let i be 30/9*(-18)/(-15). Let b be (-2)/4 + 94/i. Suppose b = 3*f + 5. Is f a composite number?
True
Let o be (-1 + -2)*(42/(-9))/(-7). Suppose -5*z + 169 - 709 = 0. Is (-56028)/z + o/(-9) a composite number?
True
Suppose 3*n - 413 = 4*b, -2*n = -5*n - 4*b + 445. Is n composite?
True
Let o(m) = -3370*m - 261. Is o(-14) a composite number?
False
Suppose -4*r + 2226 = 3*j - 5373, 5066 = 2*j - 5*r. Is j composite?
True
Let p be 6/(-3)*(-5)/10. Suppose j + a = p, 4*j + a + 2*a - 6 = 0. Suppose -w + 5*c = -0*c - 374, -j*c + 1068 = 3*w. Is w a prime number?
True
Let v be -2*((-3)/(-6) - -1). Let x(t) = 17*t**2 - t + 1 + 1 - 7*t**2 + 4*t**2. Is x(v) a composite number?
False
Let v = 7199 - 4668. Is v prime?
True
Is (-30)/12*(860282/(-10) - -3) a prime number?
True
Suppose -18*o - 24*o = -121758. Is o a prime number?
False
Suppose -3*w - 2890 = -2*h, 3*h = -7*w + 12*w + 4333. Is h a composite number?
False
Suppose -5*y - r + 43548 = 0, y - 8697 = 6*r - 2*r. Is y composite?
True
Is (-218651)/(-10) - ((-159)/10 + 16) composite?
True
Let m be -3 - (-15 - (-2 + 5)). Suppose -2*c = -7*c + m. Suppose 0 = i - 3, c*j - 4*j = 4*i - 223. Is j prime?
True
Let r = 104 + -527. Let z be (-350 + 351)/(1 + 222/(-221)). Let k = z - r. Is k composite?
True
Suppose 4*i + 6 = 7*i. Suppose 3*r = -i*c + 5283, r + 3*c - 2500 = -732. Is r composite?
False
Suppose -y - 19 = 5*u, 6*u = 5*u - 5. Let q(k) = k**3 - 3*k**2 + 3*k + 3. Let i be q(5). Is i - -2*(-3)/y prime?
True
Let w(i) = 1498*i - 215. Is w(42) a composite number?
False
Let i(m) = 5 - 3*m**2 - 4*m**3 + m**3 - 2 + 1 + 3*m. Is i(-3) prime?
False
Suppose -i = -3*l + 14885, 7*l - 3*i - 14877 = 4*l. Is l a prime number?
False
Suppose 3*o + 0*o - 457 = t, 0 = -5*o - 4*t + 739. Let z = 526 + o. Is z a prime number?
True
Let d(q) be the third derivative of -q**7/840 + q**6/180 + 347*q**4/24 + q**3/2 + 3*q**2. Let t(i) be the first derivative of d(i). Is t(0) a prime number?
True
Suppose -5*a + 17945 = 4*z, -3*a - 7*z + 3*z + 10759 = 0. Is a a composite number?
False
Let r = 7404 - 1691. Is r composite?
True
Let x(u) = -4*u**2 - 4*u + 13. Let k be x(-6). Let g = k - -310. Is g composite?
True
Let g(r) = 9*r**2 + 0*r**3 + 2*r - 7 - 9*r**2 - r**3 + 11*r**2. Let u be g(11). Let i(a) = 30*a - 13. Is i(u) a prime number?
False
Let f = 51 - 214. Let p = f - -374. Is p prime?
True
Let c(h) = -4*h + 2. Let o be c(0). Is (-3 + (-3651)/(-6))*o prime?
False
Let a be ((-6)/9)/(1/42). Is (-68478)/(-42) + (-16)/a a composite number?
True
Suppose -5*v + 4 = 2*s, 3*s - 3 = v + 3. Suppose -10 = -2*k - s. Is 102/k*(3 + -1) composite?
True
Let m(b) = 101*b**2 + 6*b + 1. Let z(j) = 101*j**2 + 7*j. Let c(r) = 3*m(r) - 2*z(r). Let y be c(-2). Suppose 2*i - 499 - y = 0. Is i a composite number?
False
Is (-32 - -29)*(-40378)/6 prime?
False
Suppose -15*v = -17433 + 2463. Is v a prime number?
False
Suppose -8 = -4*k - 2*h, -5*k = -9*k - 4*h + 12. Let j(t) = -233*t**3 - t**2 - 2*t**2 + 775*t**3 + 1 + t. Is j(k) prime?
True
Suppose 6*x = -3*h + x + 12, -5*h + 5*x = -20. Let t(y) = 265*y + 7. Is t(h) prime?
False
Let x(f) = 2*f**2 + 6*f - 2. Let m be x(3). Suppose i + m - 389 = 0. Is i a prime number?
False
Let i = 10319 + -5498. Is i a prime number?
False
Suppose -4 = -2*b + 14. Let l = 11 - b. Suppose -2*h + 1780 = l*h. Is h a prime number?
False
Suppose -16*x - 15 = -21*x. Suppose -3*c + 8659 = 4*t - 0*c, -2*c = -x*t + 6473. Is t a composite number?
False
Suppose b = -s - 4*s - 25, 2*s + 4*b + 28 = 0. Is (-2701)/s - 35/28 composite?
True
Suppose -2*y - 8 - 12 = 0. Let s = 14 + y. Suppose -3*f + 293 = s*d, 3*d - 485 = -5*f - 2*d. Is f prime?
False
Suppose 0 = -2*a + 7 + 1. Let h be a/(-14) - 6993/49. Let o = -74 - h. Is o a prime number?
False
Suppose -6*s = -4 - 2. Let u(f) = 14*f**2 - 1. Is u(s) a composite number?
False
Let u(d) be the second derivative of d**3/6 - d**2 - 3*d. Let p be u(5). Suppose -p*j + 243 = 2*q + 2*q, 305 = 5*q + 4*j. Is q a prime number?
False
Let c(t) = -t**3 - 2*t**2 + 5*t + 8. Let k be c(-8). Let b = 687 - k. Is b prime?
False
Is (22/(-33) - (-2)/3) + 1367 a prime number?
True
Let q = 17448 + -6859. Is q a composite number?
False
Let w = 9085 + -2700. Is w prime?
False
Suppose -56 = 3*h + 622. Let b = h + 605. Is b a composite number?
False
Let m(t) = 593*t + 510. Is m(25) a composite number?
True
Suppose -2*n + 49 = -3*n. Let d = 114 + n. Let k = d - 12. Is k a composite number?
False
Let r = 107 - 175. Let m = r - -123. Is m a prime number?
False
Suppose -20 = 4*u, -2*c = -u - 15 - 0.